Suppose -3*l + 423 + j = 0. What is the highest common factor of 16 and l?
16
Let d(x) = -2*x**3 - 16*x**2 - 4*x - 11. Let t be d(-8). Calculate the highest common divisor of 105 and t.
21
Let n(j) = 3 + 0 + 24 - j - 3. Suppose 0*h - 28 = -2*h. Let x be n(h). Calculate the greatest common factor of 90 and x.
10
Suppose 4*l = 5*m - 888, -804 = -4*m + l - 87. Calculate the highest common divisor of m and 15.
15
Let s(o) = 3*o**2 - 29*o + 22. Let d be s(9). What is the highest common divisor of 8 and d?
4
Suppose 47*o - 6 = 46*o. Let j be o/(-8)*(-220)/5. What is the greatest common factor of 3 and j?
3
Suppose -151 = 2*y - 907. What is the greatest common divisor of 42 and y?
42
Let n = 596 + -595. Let k = 10 - 5. What is the highest common factor of k and n?
1
Suppose -i + 75 = 5*j, -6*i = -5*i - 3*j - 67. Let m(f) = f + 20. Let c be m(-15). Calculate the highest common factor of i and c.
5
Let f = 1968 + 7. What is the highest common divisor of f and 79?
79
Let o(n) = 12*n**3 - 6. Let y be o(6). Suppose -3*u + 36 = -y. Suppose 1097 = 5*f - 2*r + r, 4*f - 2*r - u = 0. Calculate the highest common factor of 20 and f.
20
Let r(t) = -135*t + 1. Let x be r(1). Let q(f) = 50*f + 38. Let p be q(5). Let k = p + x. What is the greatest common factor of 14 and k?
14
Let w = 335 - 266. What is the highest common factor of 115 and w?
23
Let x(w) be the first derivative of w**3/3 + 11*w**2/2 + 8*w + 3. Let n be x(-12). What is the greatest common factor of n and 100?
20
Let z be 2 - -2*(-369)/(-2). Suppose -10 = 2*y, -5*p - y + 24 = -z. What is the highest common divisor of p and 32?
16
Let t(s) = 14*s - 26. Let x be t(18). Suppose 4*h - x = -3*g - 75, -2*g = -h - 86. Calculate the highest common divisor of 5 and g.
5
Let j = -603 + 738. What is the highest common divisor of j and 9?
9
Let a = -7 - -13. Let l(b) = 4*b + 16. Let x be l(-6). Let g be 6/4*x/(-3). Calculate the greatest common divisor of g and a.
2
Let x(s) = 34*s - 433. Let o be x(22). What is the greatest common divisor of 90 and o?
45
Suppose 22*m - 8 = 18*m, 4*c - 146 = -5*m. Calculate the highest common divisor of 119 and c.
17
Let f = 755 + -693. Calculate the greatest common factor of 124 and f.
62
Suppose r + 8*o = 3*o + 24, -4*o = -3*r - 4. Suppose -n + r*w = -0*w - 5, 0 = -2*n - 2*w + 10. Calculate the highest common divisor of 5 and n.
5
Let v be (-11)/(-1) + 3 + -4. Let q(u) = 4*u + 68. Let n be q(-7). Calculate the greatest common divisor of n and v.
10
Let t(p) = 57*p**3 - 4*p**2 + 12*p - 9. Let a be t(1). What is the greatest common divisor of a and 72?
8
Let d(r) be the third derivative of r**6/120 + 23*r**5/60 - 13*r**4/12 - 23*r**3/3 + r**2. Let p be d(-24). Calculate the highest common divisor of 16 and p.
2
Let g = 2472 + -1081. Let y be g/65 - (2/(-5))/(-1). Let o be 294*(1 - 3/6). Calculate the greatest common divisor of y and o.
21
Let b be (-989)/(-11) - 1*1/(-11). Calculate the greatest common factor of b and 36.
18
Suppose 0 = -5*k - 4*p + 36, -3*k - 8 = 2*p - 28. Let z be 3/k + 825/20. Calculate the greatest common factor of z and 105.
21
Let t(b) = 2*b**2 + 22*b + 44. Let s be t(10). What is the greatest common divisor of s and 290?
58
Suppose 7*j + 289 = 1192. Calculate the highest common factor of 1677 and j.
129
Suppose q - 6*q = 20, n = -4*q + 23. Let m be 2*((-13)/2)/(-1). What is the greatest common factor of n and m?
13
Suppose -7 = -6*n + 83. Calculate the highest common factor of 145 and n.
5
Suppose -d + 0*d = -3. Suppose -3564 = d*s + 4*j, 0 = -9*s + 4*s + 5*j - 5975. Let p be s/(-20) - (-4)/10. What is the highest common divisor of p and 12?
12
Suppose -3*c - 10*a + 15*a + 176 = 0, 5*a = -3*c + 196. What is the highest common factor of 1798 and c?
62
Suppose 3*g - g = -2. Let l = g + -1. Let s be (-3 + 2 - 25)/l. What is the greatest common factor of 26 and s?
13
Let x be (-6)/(-39) + 2336/26. Calculate the greatest common divisor of x and 135.
45
Let s(u) = -18*u - 52. Let r be s(-10). Let y be ((-6)/4)/(1/(-2)). Suppose -2*o = -y*o + r. What is the highest common factor of o and 16?
16
Let p(i) = -i + 9 - i**2 + 2*i - 13*i. Let x be p(-12). Let t(q) = -4*q - 15. Let y be t(-6). Calculate the highest common factor of y and x.
9
Let l(o) = -14*o - 171. Let n be l(-14). Let t be -1 - (-6)/3*13. What is the greatest common divisor of n and t?
25
Let k = 2700 - 2230. What is the greatest common divisor of 47 and k?
47
Let v be (0 - 9/(-12))/(5/20). Let b be 15/v + 0/(-5). What is the greatest common factor of 5 and b?
5
Suppose -k - 105 = -3*r, r + 31 = 2*r + k. Let i = r + 28. What is the greatest common factor of i and 31?
31
Let d be 8071/105 - (-2)/15. Calculate the highest common factor of d and 22.
11
Suppose 0 = 5*b - 36 - 79. Let q = b - -145. Calculate the greatest common divisor of q and 24.
24
Suppose 285 = -41*h + 44*h. What is the greatest common factor of 19 and h?
19
Suppose -12*o - 106 = -766. Let s(t) = 6*t + 3. Let u be s(5). Calculate the greatest common divisor of u and o.
11
Suppose -19 = -4*r - 3. Let g(y) = y**2 - 3*y - 1. Let d be g(-5). Let m = d - r. Calculate the greatest common factor of m and 280.
35
Suppose 3 = 11*p - 10*p. Suppose 8*y - 45 = p*y. What is the highest common factor of y and 27?
9
Let h be (2/(-8)*147)/(312/(-3328)). What is the highest common factor of h and 294?
98
Suppose 0 = i, 0 = -2*d - 162*i + 161*i + 260. Calculate the greatest common divisor of 286 and d.
26
Let f be ((-63)/(-4))/(((-3)/12)/(-1)). Suppose -6*x + 0*x + 252 = 0. What is the highest common divisor of x and f?
21
Let x = 154 - 73. Suppose x = 4*l - 43. Calculate the highest common factor of l and 341.
31
Let t = 11110 - 11098. Let c be (-3)/4*(-1 + -63). What is the highest common divisor of c and t?
12
Let z be 12/5*(1 + 52 + -3). What is the highest common factor of 15 and z?
15
Suppose i - 1 = -2. Let v be (5/(-10))/(1/90*i). Calculate the greatest common factor of v and 9.
9
Let q be (5 - 28/8)*10 + 6. Calculate the greatest common divisor of 9 and q.
3
Let j = -31 - -69. Let z be -2 + 0 - (10 - 15). Suppose -3*h - 2*c - 67 = -4*h, 300 = 5*h - z*c. Calculate the highest common divisor of j and h.
19
Let z(v) = -6*v - 12. Let a(g) = 6*g + 11. Let f(b) = -4*a(b) - 5*z(b). Let c be f(9). What is the highest common factor of 28 and c?
14
Suppose -32*l - 70 = -33*l. What is the greatest common divisor of 30 and l?
10
Suppose -3*u + 195 = 3*w, -2*w + u = -69 - 70. What is the greatest common factor of w and 20?
4
Let v be 12/15 - (-36)/30. Suppose 0 = 2*g + v*g - 56. Calculate the greatest common factor of g and 98.
14
Let b = 18 + 0. Let u be (-6)/16 - (-134895)/680. Calculate the greatest common factor of u and b.
18
Let d(u) = 2*u**2 + 2*u + 18. Suppose -4*y = y + 40. Let c be d(y). Calculate the greatest common factor of c and 52.
26
Suppose 0 = -3*z - 4*k + 94, 2*z + k = -z + 82. Suppose -9*i = -67 + 49. Suppose -i*x + z = -70. Calculate the greatest common divisor of 12 and x.
12
Suppose 0 = 2*w - 13*w + 143. What is the highest common divisor of 26 and w?
13
Suppose y - 28 = -2*y + 4*n, 2*y - 3*n - 20 = 0. Calculate the highest common divisor of y and 236.
4
Let a = -55 - -109. Let r(v) = 6*v + 3. Let x be r(3). Let f be (2 - -241)*7/x. What is the highest common divisor of f and a?
27
Let x(c) = c**2 + 14*c + 13. Let m be x(-13). Suppose -n - 4 - 1 = m. Let b = n + 32. What is the highest common factor of b and 3?
3
Suppose 0 = -10*i + 25 - 85. Let g be ((-62)/6)/(i/36). Calculate the greatest common divisor of g and 31.
31
Suppose -o + 290 = 4*o. Let z = o + -51. What is the greatest common factor of z and 14?
7
Let j = -19 + 35. Suppose 2*s - 5*z = -105, s + 4*z = -3*s - 140. Let n = 48 + s. What is the highest common divisor of n and j?
8
Suppose 2*x - 3*x + 36 = 0. Suppose 3*m - 106 = 2*r, 5*m - 2*m + 4*r - 130 = 0. Let z be m/(-171) + (-38)/(-9). What is the highest common divisor of x and z?
4
Suppose 162 - 66 = 12*z. Calculate the highest common divisor of z and 26.
2
Let o(x) = 6*x**2 - 193*x - 144. Let a be o(33). Let h be -1 + (-20)/(-6)*57. What is the highest common factor of a and h?
21
Let c = -796 + 830. What is the highest common divisor of c and 238?
34
Let g(q) = q + 9. Let v be g(10). Suppose 2*p - 5*c = 9, 5*c 